e value of (-2 - 2) + (-16 + 6 - -5)?
-9
Calculate -5 - (9 + -7 + -9).
2
What is the value of 2 + (1 - 1 - -4) + -3?
3
What is 10 - -1 - (10 - 4)?
5
6 + 0 + -15 + (-1 - -13)
3
Calculate 4 + 1 + 0 + -10 + 4.
-1
Evaluate 0 - -2 - (-2 + (2 - 1)).
3
Calculate -1 + 2 + -7 + 1 + 11.
6
What is (-1 - (-9 + 15)) + 6?
-1
Calculate -3 - (1 + -2) - 1.
-3
(5 - 2) + 4 - (3 + 1)
3
What is the value of -2 - (-5 + 3) - (1 - -1)?
-2
2 + (6 - (3 + 1)) - -2
6
Evaluate 0 + (6 - (4 - 7)) + -3.
6
What is -10 + 8 - (-4 + -2)?
4
What is 1 + (-3 - -1) - 1 - 3?
-5
3 + -2 + (9 - (9 + -4))
5
Calculate 1 - (0 + -2) - 3.
0
What is the value of 3 - 6 - (8 + (6 - 17))?
0
What is the value of 1 + (3 - 3) + -2 - 4?
-5
-7 - 0 - (-2 - 0)
-5
What is 3 + -7 - (-5 - 2 - 1)?
4
Evaluate 0 + -7 + 7 + -6.
-6
-5 + 4 - (27 + -37)
9
Evaluate 4 + (4 - (0 - -4)).
4
What is -3 + (0 - 0) + 6 + 2?
5
(-3 - -1) + -10 + 17 + -2
3
Calculate -14 + (12 + 0 - -1).
-1
What is the value of -3 + 0 + -3 + 4 - -7?
5
What is -3 - (-14 + 15) - (-5 - -1)?
0
What is -1 - 0 - 5 - (-5 - 3)?
2
-3 - (5 + (2 - 6))
-4
What is the value of -1 - -4 - 4 - 0?
-1
What is 2 + (2 - -2) - 1?
5
(13 + -12 - -5) + 2
8
Calculate 1 - (-1 + 8 + -4 - 2).
0
What is (-1 - -5 - 6) + 2?
0
-9 + 11 + (11 - 13)
0
Calculate -8 - -13 - 7 - -7.
5
What is the value of 1 + (1 + 4 - (25 - 23))?
4
What is -1 - (-2 + (2 - 2))?
1
What is -2 - 6 - (-4 - (0 - 0))?
-4
3 + -5 + -7 + 12
3
What is 8 - 4 - ((5 - -1) + 3)?
-5
Calculate 2 - 2 - (-6 + -2 + 6).
2
Calculate 3 - (-3 + 1 + -3 - -4).
4
What is the value of (14 - 9) + (3 - 10)?
-2
Calculate (11 - 1) + -14 + 8.
4
-18 - (-6 + 1) - -15
2
What is 5 - (-2 - -8) - 5?
-6
What is -4 + (0 + 4 - -4)?
4
What is the value of 2 - ((-7 - -13) + -1 + 0)?
-3
What is -3 - (2 - ((0 - 1) + 11))?
5
What is (19 - 22) + 4 + 1?
2
Calculate 22 + -24 + 11 + -12.
-3
(2 - 0 - 0) + 4 + -5
1
Calculate (-21 + 3 - -5) + 9.
-4
What is 1 + 8 + 6 + -17 + 7?
5
Calculate (3 - (-5 - -8)) + (-1 - -1).
0
-25 + 29 - (7 - (1 - -1))
-1
What is -15 + -6 + 8 - -17?
4
What is 6 + (3 + -12 - -7)?
4
3 + -5 + 2 - (-3 + 7)
-4
What is -2 + -1 + -2 + -2 + 2?
-5
(6 - 1) + (-7 - (3 + -7))
2
Evaluate 158 + -172 - (1 - 13).
-2
Evaluate (4 - 1) + -5 - (-1 + 3).
-4
What is 5 - ((-3 - (2 - 6)) + 2)?
2
-259 - -267 - (0 - -12)
-4
4 - 14 - (6 + -9)
-7
What is the value of 1 - (-1 - -4) - -7?
5
What is (2 - (-1 - -3)) + 5 + 0?
5
What is 4 - 7 - 0 - -6?
3
What is 1 - -1 - (-2 + 4) - 2?
-2
7 + 4 + (-17 - (-5 + 2))
-3
1 + 2 - (-1 - -5)
-1
Evaluate 9 + (3 - 10) + 1 + -2.
1
Calculate -1 - (-6 + 0) - (-27 + 23).
9
What is the value of -29 + 28 - (3 + 1)?
-5
Calculate (15 + -5 - 10) + (5 - 0).
5
4 + -2 + -5 + 6 + 0
3
What is the value of 7 + -2 + (-1 - 0)?
4
What is the value of -1 - (6 - (-2 - -5))?
-4
Calculate -2 + -2 - -9 - 10.
-5
1 + (10 - (4 - -1))
6
11 - (4 - -3) - -1
5
What is the value of -2 + -2 + 3 + -5 + 10?
4
11 + (2 + -20 - -11)
4
-10 + 13 + 2 + -10 + 0
-5
Evaluate -10 + 2 - (-6 + 3).
-5
Calculate 4 - (2 - (4 - 5) - 4).
5
What is the value of -6 - (1 - -10 - 18)?
1
Evaluate 4 + 1 - 0 - 8.
-3
What is (2 - (2 - -1)) + -3 + 1?
-3
What is the value of 23 + -25 - (1 - (0 + 2))?
-1
0 + -3 - (-9 + 4 - -2)
0
What is -6 + (3 - -2) + -2 + 6?
3
What is the value of 11 + 2 + 58 + -62?
9
What is -6 + 17 - 5 - (-8 - -4)?
10
What is the value of (40 - 41) + (-1 - (2 - 1))?
-3
Calculate 3 + (-7 + 8 - (0 - 0)).
4
What is the value of -6 - (0 - 5) - -2?
1
-4 - (-3 - 1 - (-4 - 0))
-4
(6 - ((11 - -2) + -5)) + 0
-2
Calculate 4 + -12 + -2 + 8.
-2
Evaluate -2 + 1 + (7 - (-3 + 8)).
1
What is (1 - (7 + -1)) + 10 + -8?
-3
Evaluate 3 + 0 + 0 + -8.
-5
What is -4 - (2 + (-8 - -2))?
0
Calculate -21 + (-22 - -45) - (-3 + 0).
5
What is the value of (2 - -1) + (-2 - 0)?
1
Evaluate 15 - 1 - (68 + -57).
3
8 + (13 - 7 - 23) + -1
-10
What is -16 - (9 + 2 + -24)?
-3
What is the value of (4 - 3 - -3) + -4?
0
What is (-2 - (-5 - -6)) + 8?
5
Calculate 2 + -1 + -1 + 0.
0
-4 + 2 + -1 + -2 - 0
-5
What is -6 + (-9 - -3) - -23?
11
Calculate -2 + -1 - 1 - -4.
0
What is the value of 3 - (0 + -4 - -3)?
4
Evaluate 2 - (7 + -4) - -4.
3
Calculate (1 - -4 - -3) + -74 + 75.
9
What is (6 - (2 - -12)) + 14?
6
Calculate -15 - ((-1 - -1) + (17 - 23)).
-9
What is (-6 + 5 - -6) + -7?
-2
What is the value of 6 - ((-1 + 4 - 2) + 2)?
3
Calculate -1 - (-3 - -5) - -5.
2
What is 0 + -3 + 5 + 2 - 0?
4
What is 1 + 2 + -5 - -6?
4
What is 0 - 3 - (4 + -5 + -6)?
4
What is -1 + -1 - -4 - -3?
5
7 + -8 + 2 + -3
-2
What is -1 + -6 + 9 + 6 + -3?
5
15 + (-4 - -1) + -7
5
8 - 1 - (1 + -6 + 9)
3
Calculate (0 - 1) + 12 + -11.
0
Calculate 0 + (-2 - 1) + 2 + 0.
-1
What is the value of (-4 - (-5 + 14 - 5)) + 5?
-3
(2 - -10) + (-17 - -8)
3
What is 7 + -5 + -5 + 4 - -3?
4
4 + 0 - ((6 - 7) + 4)
1
What is the value of -15 + 21 - (1 + 8)?
-3
What is (-1 - (-5 - -1 - 4)) + -4?
3
Evaluate (7 - 1) + -3 + -1 + -3.
-1
Calculate (0 - (-1 - -5)) + 7 - 0.
3
What is the value of 11 + -6 + -4 - -1?
2
Calculate 2 + -3 - (-6 + -1) - 1.
5
What is the value of -10 + 13 + (-6 - 0)?
-3
0 + 1 + 6 + -1
6
Evaluate (5 - (1 + 6 + -4)) + -6.
-4
Calculate 2 - ((-8 - -4) + 3).
3
What is the value of 1 - (5 - 12) - (0 + 3)?
5
Evaluate 3 + 0 + -8 - -2.
-3
Calculate 13 - 6 - (5 + 0) - 2.
0
Calculate 2 + -1 + -3 + 1 + 1.
0
What is the value of (-10 - 1) + -1 + 17?
5
What is the value of 0 - ((-2 - -2) + 3)?
-3
Evaluate 6 - 8 - (-6 + 2 + 3).
-1
Evaluate 3 + -7 - (-2 + -1 + 1).
-2
Calculate (9 - 16) + -5 + 8.
-4
Evaluate (4 - 1) + (-29 - -29).
3
Calculate (-4 - (-8 + 4)) + -1.
-1
(-1 + 2 - -2) + -4 + -3
-4
What is -3 + 6 + (-65 - -65)?
3
20 - 8 - (4 + 0)
8
Calculate 26 + -17 - (2 - (1 + -3)).
5
What is (-1 - -7 - 12) + 10?
4
(0 - 0) + 2 + (27 - 26)
3
What is 9 + (37 - 28) + -9 + 2?
11
(6 - 6) + -2 + 5
3
What is -12 + -1 + (28 - (-2 + 21))?
-4
7 - ((0 - 0 - -1) + -1)
7
Calculate (-12 - -8) + -4 - -13.
5
Evaluate 1 - 0 - (7 + -1).
-5
Calculate 11 + 8 + -9 - 6.
4
Calculate -5 - ((-4 - (-3 + -1)) + -9).
4
Evaluate (8 - 15 - -8) + 5.
6
(4 - 2) + (0 - 4)
-2
Evaluate -3 + 0 - (-6 + (-1 - -7)).
-3
Evaluate 4 - (4 - -2) - 3.
-5
What is the value of -2 + 1 + -3 + (2 - 3)?
-5
What is 3 + 2 - 6 - 0?
-1
What is the value of -1 - (-5 + (2 + -2 - -6))?
-2
Evaluate 15 - 4 - (9 + -3).
5
-1 + (1 - 2) + 3 + 0
1
What is -1 + (-1 - 0) + -2 + 3?
-1
What is (59 - 48) + (-3 - 8)?
0
Evaluate 10 + (-10 - (-7 + 15)).
-8
-5 - (-1 + -1 + 3 + -1)
-5
Calculate 3 - (8 - 5 - (-1 + -3)).
-4
What is the value of (6 - 6) + 9 - (5 - 1)?
5
3 + (1 + -5 + 3 - 4)
-2
What is 13 - 5 - -3 - 9?
2
What is 6 + (1 - (4 + 1 - 1))?
3
What is -2 - (8 - 16 - -7)?
-1
What is the value of 2 + -5 - (1 + 1)?
-5
What is -4 - -8 - (-7 + 8)?
3
What is 1 - (16 - 8) - -4?
-3
-18 + 28 - (8 + 2)
0
Evaluate 5 + (-7 - -1) + 3.
2
What is the value of (3 - -1 - 7) + 4?
1
What is (8 + -2 - -1) + 0 - 15?
-8
What is -2 - ((1 - -1) + -4 - -5)?
-5
What is the value of (-6 - (0 - 3)) + (-2 - -2)?
-3
(4 - (2 + 1)) + (-5 - -6)
2
Calculate -3 + (4 - (5 + 4 + -5)).
-3
What is -5 + 19 + -11 - 6?
-3
0 + -4 - (-27 + (16 - 2))
9
-5 - (4 + -7 - (-1 - -8))
5
Evaluate -2 + -1 + (-1 - -4).
0
Calculate 6 + (-55 + 39 - (-6 - -1)).
-5
What is the value of 2 + (-1 - 7) + 7?
1
Calculate 0 + 2 + -4 - (9 - 7).
-4
Evaluate 3 + -5 + 1 + -4.
-5
Evaluate 3 - (-15 + 4 + 7).
7
What is (-4 - (3 - -1)) + 3?
-5
Calculate -10 + (12 - (-6 + 11)).
-3
What is the value of -7 - (5 + 5 - 21)?
4
Calculate (-15 - -15) + 1 + 3 + 3.
7
What is the value of -5 + 3 + 5 + 1?
4
Calculate 0 + -4 + 13 + -4.
5
Calculate 6 + (5 - (7 + 0)).
4
-23 + 23 - (2 + -2)
0
(1 - 0) + 1 + -12
-10
Evaluate 4 + 3 + -2 + (2 - 5).
2
What is (10 - 8) + -4 - (2 - 0)?
-4
What is the value of -5 + (1 - (-2 + 2))?
-4
What is -4 + 2 + (-1 - -6)?
3
-4 + -2 - (-40 - -36)
-2
Evaluate 6 + 4 - 4 - (0 + 3).
3
-4 + 5 + -5 - -1 - 2
-5
What is the value of (8 - (6 - -2)) + (0 - 2)?
-2
What is (-14 + 29 - 11) + -6?
-2
What is the value of 7 + -3 + -2 + 2 + -2?
2
What is 0 - (-1 + (-2 - -7))?
-4
8 + (-2 + 2 - (-37 + 49))
-4
Evaluate -8 + 1 + 1 + 0.
-6
0 + 4 + -7 - -5
2
Calculate -16 + 9 + 5 + 5.
3
What is the value of (1 - 2) + -5 - -1?
-5
Calculate -4 - (-7 - -10 - 11).
4
What is (18 - 9 - 7) + 3 + 4?
9
-3 - (2 - 3 - 1)
-1
Calculate 1 + -2 - (-19 + 23).
-5
Calculate 4 - (6 - (-6 + 8 + -3)).
-3
Calculate -3 + 2